32805?
9
What is the remainder when 10096710 is divided by 1009667?
40
Calculate the remainder when 75140728 is divided by 958.
956
What is the remainder when 8239444 is divided by 220?
4
Calculate the remainder when 1250060 is divided by 99.
86
Calculate the remainder when 38168 is divided by 9294.
992
Calculate the remainder when 737692 is divided by 337.
336
Calculate the remainder when 587465 is divided by 1182.
11
What is the remainder when 1198681 is divided by 108971?
0
What is the remainder when 186641 is divided by 414?
341
What is the remainder when 103254 is divided by 5733?
60
Calculate the remainder when 653333 is divided by 1328.
1285
Calculate the remainder when 291409 is divided by 193.
172
Calculate the remainder when 3552894 is divided by 507554.
16
What is the remainder when 87143 is divided by 1872?
1031
Calculate the remainder when 1933529 is divided by 2432.
89
Calculate the remainder when 645298 is divided by 3326.
54
What is the remainder when 30099 is divided by 14488?
1123
What is the remainder when 37225732 is divided by 47?
40
Calculate the remainder when 2542873 is divided by 4253.
3832
What is the remainder when 802704 is divided by 464?
448
Calculate the remainder when 460289 is divided by 7568.
6209
Calculate the remainder when 2405138 is divided by 5286.
8
What is the remainder when 3409969 is divided by 47?
25
What is the remainder when 366076 is divided by 183009?
58
What is the remainder when 104180 is divided by 1009?
253
What is the remainder when 664047 is divided by 6?
3
What is the remainder when 258398 is divided by 621?
62
What is the remainder when 163305 is divided by 32621?
200
Calculate the remainder when 4812994 is divided by 401080.
34
What is the remainder when 18676700 is divided by 9338343?
14
Calculate the remainder when 121618 is divided by 295.
78
Calculate the remainder when 6899453 is divided by 313611.
11
Calculate the remainder when 148610 is divided by 73666.
1278
What is the remainder when 451720 is divided by 4033?
24
Calculate the remainder when 2951814 is divided by 491969.
0
What is the remainder when 3805244 is divided by 292707?
53
Calculate the remainder when 1867327 is divided by 373455.
52
Calculate the remainder when 258857 is divided by 86230.
167
What is the remainder when 14739331 is divided by 369?
364
Calculate the remainder when 24731349 is divided by 732.
729
What is the remainder when 10814617 is divided by 4456?
4361
Calculate the remainder when 915937 is divided by 305301.
34
Calculate the remainder when 323736 is divided by 107511.
1203
Calculate the remainder when 592265 is divided by 3805.
2490
What is the remainder when 332880909 is divided by 304?
301
Calculate the remainder when 63326 is divided by 62985.
341
Calculate the remainder when 1263298 is divided by 180367.
729
Calculate the remainder when 225758 is divided by 11637.
4655
Calculate the remainder when 1969091 is divided by 4850.
4841
What is the remainder when 169353 is divided by 24181?
86
What is the remainder when 109448639 is divided by 8?
7
What is the remainder when 910409467 is divided by 4864?
4859
What is the remainder when 50559514 is divided by 626?
624
What is the remainder when 2262979 is divided by 229?
1
What is the remainder when 15672 is divided by 2897?
1187
What is the remainder when 208047 is divided by 41207?
2012
Calculate the remainder when 1891316 is divided by 1558.
1462
What is the remainder when 261854 is divided by 26185?
4
Calculate the remainder when 147829236 is divided by 5.
1
What is the remainder when 45990289 is divided by 1318?
1315
What is the remainder when 150445468 is divided by 16367?
4
What is the remainder when 33911 is divided by 15818?
2275
Calculate the remainder when 2061202 is divided by 1090.
12
Calculate the remainder when 1612928 is divided by 322577.
43
What is the remainder when 3283924 is divided by 1691?
2
What is the remainder when 97330 is divided by 80?
50
What is the remainder when 1048913 is divided by 1374?
551
Calculate the remainder when 53308 is divided by 1665.
28
What is the remainder when 251709519 is divided by 121?
116
What is the remainder when 15507034 is divided by 31?
28
What is the remainder when 758843 is divided by 4?
3
Calculate the remainder when 2274234 is divided by 309.
303
Calculate the remainder when 2685242 is divided by 134228.
682
What is the remainder when 355858 is divided by 16172?
74
What is the remainder when 6206379 is divided by 1241183?
464
What is the remainder when 6013 is divided by 2641?
731
Calculate the remainder when 2839611 is divided by 147.
12
Calculate the remainder when 77722789 is divided by 25907595.
4
What is the remainder when 533417 is divided by 14816?
41
What is the remainder when 86787481 is divided by 556330?
1
What is the remainder when 126070 is divided by 699?
250
What is the remainder when 213977594 is divided by 3200?
3194
Calculate the remainder when 3925086 is divided by 26.
22
Calculate the remainder when 3051289 is divided by 1672.
1561
Calculate the remainder when 138133 is divided by 135233.
2900
Calculate the remainder when 5047731 is divided by 7838.
59
Calculate the remainder when 1396335 is divided by 473.
39
What is the remainder when 3841255 is divided by 768250?
5
Calculate the remainder when 42134666 is divided by 62054.
0
Calculate the remainder when 26917 is divided by 8923.
148
Calculate the remainder when 915691 is divided by 2180.
91
Calculate the remainder when 3675392 is divided by 1263.
62
What is the remainder when 9771204 is divided by 530?
124
What is the remainder when 51380 is divided by 7863?
4202
What is the remainder when 198919 is divided by 57?
46
Calculate the remainder when 273439 is divided by 331.
33
What is the remainder when 24890 is divided by 24767?
123
Calculate the remainder when 71853 is divided by 535.
163
Calculate the remainder when 441546 is divided by 1998.
1986
Calculate the remainder when 246990 is divided by 490.
30
What is the remainder when 20765933 is divided by 25925?
8
Calculate the remainder when 4411189 is divided by 5929.
13
What is the remainder when 41233 is divided by 5102?
417
What is the remainder when 30848561 is divided by 2746?
2743
Calculate the remainder when 48958 is divided by 301.
196
What is the remainder when 20571195 is divided by 209910?
15
Calculate the remainder when 128884 is divided by 1674.
1660
What is the remainder when 26007 is divided by 25877?
130
What is the remainder when 1580559 is divided by 5304?
5271
What is the remainder when 182335 is divided by 72?
31
What is the remainder when 12576 is divided by 5862?
852
Calculate the remainder when 4328448 is divided by 49.
33
Calculate the remainder when 321488 is divided by 17351.
9170
Calculate the remainder when 239865 is divided by 47961.
60
What is the remainder when 10954 is divided by 928?
746
What is the remainder when 10125496 is divided by 31?
28
What is the remainder when 166865955 is divided by 2139307?
9
What is the remainder when 22544 is divided by 19445?
3099
What is the remainder when 3582509 is divided by 1230?
749
What is the remainder when 168577329 is divided by 14?
11
Calculate the remainder when 13464305 is divided by 3111.
3008
Calculate the remainder when 2029073 is divided by 532.
25
Calculate the remainder when 711935 is divided by 216.
215
What is the remainder when 10897207 is divided by 96?
55
Calculate the remainder when 22027206 is divided by 15.
6
Calculate the remainder when 2254822 is divided by 177.
19
What is the remainder when 55004097 is divided by 1175?
1172
Calculate the remainder when 62007 is divided by 1147.
69
What is the remainder when 1773980 is divided by 543?
542
Calculate the remainder when 4850689 is divided by 4850658.
31
What is the remainder when 22099083 is divided by 329837?
4
Calculate the remainder when 363970 is divided by 7212.
3370
Calculate the remainder when 71057 is divided by 57.
35
What is the remainder when 80424814 is divided by 8329?
8319
What is the remainder when 2549087 is divided by 118?
51
Calculate the remainder when 629237 is divided by 2487.
26
Calculate the remainder when 13703587 is divided by 94507.
72
Calculate the remainder when 10320662 is divided by 10320662.
0
C